the prime factors of j?
2
Suppose 5*m - 66 + 1 = 0. Let n = m + -9. What are the prime factors of n?
2
Let w be (-2 + 1)*(2 - 1). Let b = w - -10. List the prime factors of 6*-1*(-6)/b.
2
Suppose 4*q - 20 = 0, -q - 3*q + 1 = -t. Let u be 1 + (-2)/1 + t. Suppose -2*n - 3*m + u = -5, 2*m = 3*n - 54. What are the prime factors of n?
2
List the prime factors of (0 - 249/2)*(-36)/27.
2, 83
Suppose 4*t - 3*l - 624 = 0, 3*t = -l + 5*l + 475. List the prime factors of t.
3, 17
Let f be (3 - -1) + -5 + 63. Suppose 34 = 2*t - f. List the prime factors of t.
2, 3
Suppose 6*p - p - 390 = 0. List the prime factors of p.
2, 3, 13
Let r(v) = v**3 - 10*v**2 - 5*v - 12. Let u be r(9). What are the prime factors of (u/(-9))/(12/18)?
23
What are the prime factors of 34/2 + (-6 - -4)?
3, 5
Let l = 227 + -29. List the prime factors of l.
2, 3, 11
Let c(a) = 4*a**3 + 2*a - 2. List the prime factors of c(1).
2
Suppose 0*w + w = 25. Suppose w + 26 = 3*c. List the prime factors of c.
17
Let y(z) = -4*z - 6. Let f(p) = p**3 - 10*p**2 + 7*p + 8. Let i be f(9). What are the prime factors of y(i)?
2, 17
Let d be -3 + 0 - (-8)/2. Let c = 8 - 13. Let l = d - c. What are the prime factors of l?
2, 3
Suppose -5*b + 0*k = -2*k - 224, 4*b = 2*k + 180. Suppose 5*n + i = -132, 4*n + 120 = 9*i - 5*i. Let y = n + b. What are the prime factors of y?
17
List the prime factors of 636/16 - (-1)/4.
2, 5
Let d = -4 - -28. What are the prime factors of d?
2, 3
Let j = -7 - -90. Suppose -j + 227 = 4*f. List the prime factors of f.
2, 3
Let d be 1/((-14)/(-6) - 2). Suppose 2*w + 3*w + 4 = -y, 2 = d*w + 5*y. List the prime factors of 2 - (3 + w - 2).
2
Let y be 9/6*260/6. Let v = -36 + y. Let r = v - 15. List the prime factors of r.
2, 7
Suppose -5*w + 25 = 4*i, -w = 2*w + 5*i - 28. Let c = w - -3. Suppose -c*a + 12 = 4*d, -a + 18 = a - 4*d. List the prime factors of a.
5
Let m be ((-1)/2)/((-3)/12). Suppose 4*b + 22 = 2*u, -m*u + 5*b = -u - 5. What are the prime factors of u*(4/(-3) + 2)?
2, 5
Let q = 4 + -4. Suppose q*x = -x + 32. Let u = 48 - x. What are the prime factors of u?
2
Let x(h) = h + 78. List the prime factors of x(-15).
3, 7
Suppose 0 = -4*n + 27 - 11. Suppose b + 4*c - 2 = 7, n*b = 3*c + 36. What are the prime factors of b?
3
Suppose 5*x + 7 - 37 = 0. Suppose -x + 18 = 2*c. What are the prime factors of c?
2, 3
Suppose -r - 2*r + 52 = 2*l, l - 19 = 2*r. What are the prime factors of l?
23
Suppose -2 = -2*w + 3*o - 31, -4*o + 55 = -5*w. Let s(f) = -f**3 - 6*f**2 + 6*f + 2. Let v be s(w). List the prime factors of ((-3)/v)/((-3)/99).
11
Let b(c) = -5*c - 11*c**3 + 5*c - 2*c**2 + 1. Suppose 0 = -2*u - 10, -z + 0*z - 6 = u. What are the prime factors of b(z)?
2, 5
Suppose 5*t = 15 + 25. Suppose 2*l - t = -2*l. List the prime factors of 4/l - -2*5.
2, 3
Let m(d) = d**3 - 4*d - 9*d**3 + 3*d. Let i be m(-1). Suppose 1 = -2*a + i. What are the prime factors of a?
2
Suppose 5*c = 3*z - 15, 5*c = 5*z - 15 - 10. List the prime factors of z.
5
Let f = 1 - -5. Let d(n) = -18*n**2 + 0*n + 11*n**2 - 9 + n**3 + 9*n. List the prime factors of d(f).
3
Suppose 24 = -5*r - 0*z + z, -5*r = 4*z + 29. List the prime factors of 6/2 - r/1.
2
Let s(n) = 10*n - n - 13 - 7*n. What are the prime factors of s(9)?
5
What are the prime factors of (-401)/(-3) + (-46)/69?
7, 19
Let w be (2 + 2)*(3 + -4). Let f(z) = -6*z - 5. List the prime factors of f(w).
19
Let h be 49*-2*(-2)/4. Suppose 4*d - h - 23 = 0. What are the prime factors of d?
2, 3
Let l be (0 - -3*1)*1. Suppose 5*d + 4*h - 23 = l*h, -5*d = -2*h - 14. Suppose -13 = d*y - 2*b - 59, -4*b = -4*y + 56. What are the prime factors of y?
3
Let c(g) = -g. Let v be c(3). Let h = -1 + v. What are the prime factors of h/(-10)*(-15)/(-3)?
2
What are the prime factors of (-32)/(-1) + (-6)/(-6)?
3, 11
Let u(j) = j**3 - j**2 - 4*j - 1. Let r be u(3). Suppose 3*x + h + r + 6 = 0, 0 = 4*x - 2*h + 18. What are the prime factors of x/(-12) + 42/9?
5
Let q = -7 - -6. Let x = q + 4. Suppose -j - 53 = -4*m, -2*m + 65 = 2*m + x*j. What are the prime factors of m?
2, 7
Suppose -m - 15 = 2*m. Let a = -3 - m. Suppose k + 4*v + 2 = -k, -4*v - 14 = -a*k. What are the prime factors of k?
3
What are the prime factors of (-127)/((-1)/(-3) - (-4)/(-3))?
127
Suppose 3*a - 849 = -5*i + 417, 5*i = -a + 1272. What are the prime factors of i?
3, 5, 17
Let n(h) = -9*h - 12. Suppose -14*g + 9*g = 25. What are the prime factors of n(g)?
3, 11
Suppose -20*q + 222 = -18*q. Suppose -n + m + q = n, -225 = -4*n + m. What are the prime factors of n?
3, 19
Let o = 71 + -41. What are the prime factors of o + (3/(-1) - -2)?
29
Let l(w) = 17*w - 1. Let c be l(1). Suppose -q = 3*f - c, -f + 2*q - q = -12. What are the prime factors of f?
7
Suppose 3*f - 3*n = 2*n + 2, -4*n = -8. Suppose -h - f*j = h + 10, -h + 3*j = 0. Let k = h - -5. What are the prime factors of k?
2
Let k(s) = s**2 + 2*s + 2. Let c be k(-2). What are the prime factors of (21/35)/(c/30)?
3
Let t be ((-12)/5)/(2/(-10)). Suppose 0 = -2*r + 4*a - t, -6 = 4*r + a - 0. List the prime factors of (-48)/(-3) + (-1 - r).
17
Let o = -5 - -37. Suppose k - o = -k. What are the prime factors of k?
2
Let z(p) = -5*p - 8. Let h be -2 - -9*(-1 - 0). What are the prime factors of z(h)?
47
Let z(p) = -7*p**2 - 1. Let f be z(1). Let b(d) = -d - 8. Let m be b(f). Suppose m = -s + 19. List the prime factors of s.
19
Let y(n) = -n**3 + 4*n**2 + n + 1. Suppose 4*k - 15 = -k. List the prime factors of y(k).
13
Suppose 3*n = -2*l + 20, -3*n + n = 2*l - 16. Let q(v) = -v**2 + 4*v. Let r be q(n). What are the prime factors of (r - (-2)/4)*8?
2
Let l(s) = -s**3 - 5*s**2 - 3. Let t be l(-5). Let k = -5 - t. List the prime factors of (k - -29)*1/3.
3
Let k(r) = 16*r - 55. What are the prime factors of k(17)?
7, 31
Let p = 62 + -1. List the prime factors of p.
61
Suppose 5*p - 31 = -3*v, -3*v - 2*p + 4*p + 59 = 0. Suppose -3*n - 2*n + 3*y = -47, -3*n - y + v = 0. List the prime factors of n.
7
Suppose 0 = 4*r + 16, -2*h - 3*r = -6*h + 760. List the prime factors of h.
11, 17
Let p be 1/((4/2)/(-2)). Let j(f) = -14*f**3 - 5*f**2 + 3*f - 6. Let w(l) = -l**2 + l - 1. Let t(h) = j(h) - 5*w(h). What are the prime factors of t(p)?
3, 5
Suppose 0 = -4*q + 85 + 7. What are the prime factors of q?
23
Let a be (2/(2/(-3)))/(-1). Suppose a*q = q + 14. Suppose 0 = -4*l + q*l - 9. What are the prime factors of l?
3
Let j be (-88)/20 - 4/(-10). Let s = -7 - j. Let z(w) = w**3 + 3*w**2 - 4*w - 1. List the prime factors of z(s).
11
Let n(f) = -12*f**3 - 5*f**2 - 4*f + 8. What are the prime factors of n(-3)?
13, 23
Let q be 2/(4/8*1). Suppose -3*t = 4*p - 192, p + 5*t = -q*p + 240. What are the prime factors of p?
2, 3
Suppose b = -46 + 199. List the prime factors of b.
3, 17
Let f = -327 - -498. List the prime factors of f.
3, 19
Let p(d) = d**3 + 2*d**2 - 4*d. Suppose -2*j - 7 = 1, -2*j = -2*v + 2. Let w be p(v). Suppose -2*g + 55 = w*g. What are the prime factors of g?
11
Let x(o) = -o**3 + 5*o**2 - 2*o + 2. List the prime factors of x(4).
2, 5
Let p(j) = -j**2 - 5*j + 2. What are the prime factors of p(-3)?
2
Let f(y) = y**3 + 8*y**2 + 6*y - 5. Let v be (-6)/(-15) - 28/(-5). Let r(g) = g**3 - 5*g**2 - 7*g - 1. Let x be r(v). What are the prime factors of f(x)?
2
Let p be -4 + -4 + 4 + 4. What are the prime factors of (50 - p)*(-7)/(-14)?
5
Let i = -75 + 174. What are the prime factors of i?
3, 11
Suppose -5*i - 7 + 107 = 3*x, -5*i - x + 110 = 0. What are the prime factors of i?
23
Let h = -3 + 3. Suppose 4 = -2*b - h. What are the prime factors of -15*-2*b/(-10)?
2, 3
Let x be 3 - (-1)/2*2. Suppose 3*k - 116 = -x*j, -k = -3*k - 5*j + 89. Suppose -b = -5*b + k. List the prime factors of b.
2
Suppose 6*c - 154 = 4*c. What are the prime factors of c?
7, 11
Let u(v) = 74*v - 21. What are the prime factors of u(4)?
5, 11
Suppose -62 + 176 = 6*n. List the prime factors of n.
19
Let q be (0*(-3)/(-9))/(-2). Suppose q = f - 0 - 3. List the prime factors of (4/f)/(-4)*-6.
2
Suppose 2*q = -5*r + 7, 2*q = -3*r - 0 + 5. Suppose -2*l - h + r = -2, 0 = -2*l + 5*h + 9. Suppose l*j - 65 + 23 = 0. What are the prime factors of j?
3, 7
Let a be (2/4)/((-1)/(-26)). Let t = -8 + a. Suppose -5*u + 41 = 3*i, -t*u - 2*i + 47 = -i. What are the prime factors of u?
2, 5
Let m(x) = -6*x - 3.